{"id":403999,"date":"2026-05-21T15:26:19","date_gmt":"2026-05-21T14:26:19","guid":{"rendered":"https:\/\/cbscompany.com\/machines\/uncategorized\/uteco-jade-641-yil-1991\/"},"modified":"2026-07-09T11:50:58","modified_gmt":"2026-07-09T10:50:58","slug":"uteco-jade-641-yil-1991","status":"publish","type":"product","link":"https:\/\/cbscompany.com\/tr\/machines\/flekso-yazicilar\/kagit-icin-flekso-yazicilar-c-i\/uteco-jade-641-yil-1991\/","title":{"rendered":"Uteco Jade 641 y\u0131l 1991"},"content":{"rendered":"<div class=\"wpb-content-wrapper\" id=\"wpb-content-root\"><p>[vc_row content_placement=&#8221;top&#8221;][vc_column css=&#8221;.vc_custom_1532433256788{margin-right: 15px !important;}&#8221; offset=&#8221;vc_col-md-8&#8243;]\n\t\t<div id=\"wd-6a0f14c421b35\" class=\"title-wrapper wd-wpb wd-set-mb reset-last-child  wd-rs-6a0f14c421b35 wd-title-color-default wd-title-style-default text-left vc_custom_1779373256067 wd-underline-colored\">\n\t\t\t\n\t\t\t<div class=\"liner-continer\">\n\t\t\t\t<h4 class=\"woodmart-title-container title  wd-font-weight-600 wd-fontsize-m\" >Uteco Jade 641 y\u0131l 1991<\/h4>\n\t\t\t\t\t\t\t<\/div>\n\t\t\t\n\t\t\t\n\t\t\t\n\t\t<\/div>\n\t\t\n\t\t[vc_row_inner css=&#8221;.vc_custom_1628672714565{margin-bottom: 35px !important;border-bottom-width: 0px !important;padding-bottom: 25px !important;border-bottom-color: rgba(129,129,129,0.2) !important;border-bottom-style: solid !important;}&#8221; row_reverse_mobile=&#8221;0&#8243; row_reverse_tablet=&#8221;0&#8243;][vc_column_inner width=&#8221;1\/2&#8243; css=&#8221;.vc_custom_1532346102929{padding-top: 0px !important;}&#8221;][vc_column_text css=&#8221;&#8221; woodmart_inline=&#8221;no&#8221; text_larger=&#8221;no&#8221;]<\/p>\n<ul>\n<li aria-level=\"1\"><b>Marka Uteco<\/b><\/li>\n<li aria-level=\"1\"><b>Model: Ye\u015fim 641<\/b><\/li>\n<li aria-level=\"1\"><b>Y\u0131l: 1991<\/b><\/li>\n<li aria-level=\"1\"><b>C.I.<\/b><\/li>\n<li aria-level=\"1\"><b>6 renk<\/b><\/li>\n<li aria-level=\"1\"><b>Di\u015flilerle<\/b><\/li>\n<li aria-level=\"1\"><span style=\"font-weight: 400;\">Maks. malzeme geni\u015fli\u011fi (modelden 50 mm daha fazla): 1350 mm <\/span><\/li>\n<li aria-level=\"1\"><span style=\"font-weight: 400;\">Modele e\u015fit maksimum bask\u0131 geni\u015fli\u011fi: 1300 mm  <\/span><\/li>\n<li aria-level=\"1\"><span style=\"font-weight: 400;\">Min. &#8211; maks. bask\u0131 uzunlu\u011fu: 400 &#8211; 1200 mm<\/span><\/li>\n<li aria-level=\"1\"><span style=\"font-weight: 400;\">Malzeme kal\u0131nl\u0131\u011f\u0131: 40 &#8211; 150 gsm<\/span><\/li>\n<li style=\"font-weight: 400;\" aria-level=\"1\"><span style=\"font-weight: 400;\">Otomatik \u00e7\u00f6z\u00fcc\u00fc ve geri sar\u0131c\u0131<\/span><\/li>\n<li aria-level=\"1\"><span style=\"font-weight: 400;\">Sahibi \u00e7\u00f6z\u00fcc\u00fc ve sar\u0131c\u0131 i\u00e7in otomatik makara de\u011fi\u015fimi kullanm\u0131yor (i\u015flevsel de\u011fil)<\/span><\/li>\n<li style=\"font-weight: 400;\" aria-level=\"1\"><span style=\"font-weight: 400;\">A\u00e7\u0131c\u0131 ve geri sar\u0131c\u0131 \u00e7ap\u0131: 1200 mm<\/span><\/li>\n<li aria-level=\"1\"><span style=\"font-weight: 400;\">Plaka kal\u0131nl\u0131\u011f\u0131: 0.112<\/span><\/li>\n<li aria-level=\"1\"><span style=\"font-weight: 400;\">Maksimum bask\u0131 h\u0131z\u0131: 300 m\/dak.<\/span><\/li>\n<li style=\"font-weight: 400;\" aria-level=\"1\"><span style=\"font-weight: 400;\">Makara g\u00f6be\u011fi \u00e7ap\u0131: 76 mm<\/span><\/li>\n<li><span style=\"font-weight: 400;\">Mekanik h\u0131z: 150 &#8211; 250 m\/dak<\/span><\/li>\n<\/ul>\n<p>[\/vc_column_text][\/vc_column_inner][vc_column_inner width=&#8221;1\/2&#8243; css=&#8221;.vc_custom_1532346106600{padding-top: 0px !important;}&#8221;][vc_column_text css=&#8221;&#8221; woodmart_inline=&#8221;no&#8221; text_larger=&#8221;no&#8221;]<\/p>\n<ul>\n<li><span style=\"font-weight: 400;\">Kusurlar\u0131, kaliteyi ve kayd\u0131 izlemek i\u00e7in kamera tabanl\u0131 BST Eltromat sistemi.<\/span><\/li>\n<li style=\"font-weight: 400;\" aria-level=\"1\"><span style=\"font-weight: 400;\">Su bazl\u0131 m\u00fcrekkepler<\/span><\/li>\n<li style=\"font-weight: 400;\" aria-level=\"1\"><span style=\"font-weight: 400;\">Manuel veya yar\u0131 otomatik kay\u0131t ve kurulum<\/span><\/li>\n<li style=\"font-weight: 400;\" aria-level=\"1\"><span style=\"font-weight: 400;\">D\u0131\u015f omuz uzunlu\u011fu standart modelden 550 mm daha b\u00fcy\u00fckt\u00fcr.<\/span><\/li>\n<li style=\"font-weight: 400;\" aria-level=\"1\"><span style=\"font-weight: 400;\">Gazl\u0131 kurutma sistemi<\/span><\/li>\n<li style=\"font-weight: 400;\" aria-level=\"1\"><span style=\"font-weight: 400;\">Bask\u0131 silindirleri (toplam 48 adet): <\/span><span style=\"font-weight: 400;\">4 x 600, 6 x 840, 6 x 860, 6 x 890, 6 x 910, 6 x 950, 6 x 980, 4 x 1010, 4 x 1040 mm<\/span><span style=\"font-weight: 400;\"> <\/span><\/li>\n<li style=\"font-weight: 400;\" aria-level=\"1\"><b>EK \u00dcCRET KAR\u015eILI\u011eINDA kurulum imkan\u0131: Bask\u0131 makinesinin d\u0131\u015f\u0131nda man\u015fon de\u011fi\u015fiminin yap\u0131lmas\u0131na olanak tan\u0131yan \u00e7evrimd\u0131\u015f\u0131 man\u015fon de\u011fi\u015ftirme arabas\u0131  <\/b><\/li>\n<li style=\"font-weight: 400;\" aria-level=\"1\"><span style=\"font-weight: 400;\">Di\u015fli mod\u00fcl\u00fc 10 mm, helisel 3.183 &#8211; bas\u0131n\u00e7 a\u00e7\u0131s\u0131: 20\u2070<\/span><\/li>\n<li style=\"font-weight: 400;\" aria-level=\"1\"><span style=\"font-weight: 400;\">Elektrik g\u00fcc\u00fc: Volt 200\/400v (380v) &#8211; 60HZ &#8211; 3 faz.<\/span><\/li>\n<li style=\"font-weight: 400;\" aria-level=\"1\"><span style=\"font-weight: 400;\">Kurulu g\u00fc\u00e7: volt 298,5kw-ak\u0131m 5AMP.<\/span><\/li>\n<li style=\"font-weight: 400;\" aria-level=\"1\"><span style=\"font-weight: 400;\">Toplam boyutlar LxWxH (davlumbazlar a\u00e7\u0131kken): 15000 x 3610 x 5500 mm<\/span><\/li>\n<li style=\"font-weight: 400;\" aria-level=\"1\"><span style=\"font-weight: 400;\">\u00dcretimde g\u00f6r\u00fcn\u00fcr<\/span><\/li>\n<li style=\"font-weight: 400;\" aria-level=\"1\"><span style=\"font-weight: 400;\">Kullan\u0131labilirlik: Ekim 2026<\/span><\/li>\n<\/ul>\n<p>[\/vc_column_text][\/vc_column_inner][\/vc_row_inner][\/vc_column][vc_column offset=&#8221;vc_col-md-4&#8243;]\t\t\t<div class=\"info-box-wrapper\">\n\t\t\t\t\t\t\t\t<div id=\"wd-6a0f161c02aae\" class=\" wd-rs-6a0f161c02aae wd-info-box wd-wpb text-left box-icon-align-left box-style-shadow color-scheme- wd-bg-none wd-off-anim wpb_animate_when_almost_visible wpb_bounceIn bounceIn wd-anim-name_bounceIn wd-items-top \">\n\t\t\t\t\t\t\t\t\t\t<div class=\"info-box-content\">\n\t\t\t\t\t\t<div class=\"info-box-subtitle subtitle-color-default wd-fontsize-xs subtitle-style-default\">Uteco Jade 641 y\u0131l 1991 hakk\u0131nda<\/div><h4 class=\"info-box-title title box-title-style-default wd-fontsize-m\">Konum Bilgileri<\/h4>\t\t\t\t\t\t<div class=\"info-box-inner reset-last-child\"><p>B\u00f6lgede kullan\u0131labilir: <strong style=\"color: blue;\"><a href=\"https:\/\/cbscompany.com\/my-account\/?redirect_to=%2Ftr%2Fwp-json%2Fwp%2Fv2%2Fproduct%2F403999\" class=\"simplemodal-login\">Log in to see location<\/a><\/strong><\/p>\n<\/div>\n\n\t\t\t\t\t\t\t\t\t\t\t<\/div>\n\n\t\t\t\t\t\n\t\t\t\t\t<style>#wd-6a0f161c02aae .info-box-icon {background-color:  !important;}<\/style>\t\t\t\t<\/div>\n\t\t\t<\/div>\n\t\t[\/vc_column][\/vc_row]<\/p>\n<\/div>","protected":false},"excerpt":{"rendered":"<p>Uteco Jade 641 1991 y\u0131l\u0131, ka\u011f\u0131t i\u00e7in 6 renkli merkezi tamburlu bir flekso bask\u0131 makinesidir. <span style=\"font-weight: 400;\"> 40-150 gsm<\/span> aras\u0131 ka\u011f\u0131tlar i\u00e7in uygundur. <\/p>\n","protected":false},"featured_media":404018,"comment_status":"closed","ping_status":"closed","template":"","meta":{"_acf_changed":false,"om_disable_all_campaigns":false},"year-of-production":[],"product_brand":[],"product_cat":[6931,6947],"product_tag":[7127,7131,7126,7129,7128,7130],"class_list":["post-403999","product","type-product","status-publish","has-post-thumbnail","product_cat-flekso-yazicilar","product_cat-kagit-icin-flekso-yazicilar-c-i","product_tag-1991-yili","product_tag-48-baski-silindiri","product_tag-6-renk","product_tag-c-i","product_tag-disliler-ile","product_tag-uteco-jade-641","first","instock","sold-individually","shipping-taxable","purchasable","product-type-simple"],"acf":[],"_links":{"self":[{"href":"https:\/\/cbscompany.com\/tr\/wp-json\/wp\/v2\/product\/403999","targetHints":{"allow":["GET"]}}],"collection":[{"href":"https:\/\/cbscompany.com\/tr\/wp-json\/wp\/v2\/product"}],"about":[{"href":"https:\/\/cbscompany.com\/tr\/wp-json\/wp\/v2\/types\/product"}],"replies":[{"embeddable":true,"href":"https:\/\/cbscompany.com\/tr\/wp-json\/wp\/v2\/comments?post=403999"}],"wp:featuredmedia":[{"embeddable":true,"href":"https:\/\/cbscompany.com\/tr\/wp-json\/wp\/v2\/media\/404018"}],"wp:attachment":[{"href":"https:\/\/cbscompany.com\/tr\/wp-json\/wp\/v2\/media?parent=403999"}],"wp:term":[{"taxonomy":"year-of-production","embeddable":true,"href":"https:\/\/cbscompany.com\/tr\/wp-json\/wp\/v2\/year-of-production?post=403999"},{"taxonomy":"product_brand","embeddable":true,"href":"https:\/\/cbscompany.com\/tr\/wp-json\/wp\/v2\/product_brand?post=403999"},{"taxonomy":"product_cat","embeddable":true,"href":"https:\/\/cbscompany.com\/tr\/wp-json\/wp\/v2\/product_cat?post=403999"},{"taxonomy":"product_tag","embeddable":true,"href":"https:\/\/cbscompany.com\/tr\/wp-json\/wp\/v2\/product_tag?post=403999"}],"curies":[{"name":"wp","href":"https:\/\/api.w.org\/{rel}","templated":true}]}}

Uteco Jade 641 yıl 1991

<div class="wpb-content-wrapper" id="wpb-content-root"><p>[vc_row content_placement=&#8221;top&#8221;][vc_column css=&#8221;.vc_custom_1532433256788{margin-right: 15px !important;}&#8221; offset=&#8221;vc_col-md-8&#8243;]
		<div id="wd-6a0f14c421b35" class="title-wrapper wd-wpb wd-set-mb reset-last-child  wd-rs-6a0f14c421b35 wd-title-color-default wd-title-style-default text-left vc_custom_1779373256067 wd-underline-colored">
			
			<div class="liner-continer">
				<h4 class="woodmart-title-container title  wd-font-weight-600 wd-fontsize-m" >Uteco Jade 641 yıl 1991</h4>
							</div>
			
			
			
		</div>
		
		[vc_row_inner css=&#8221;.vc_custom_1628672714565{margin-bottom: 35px !important;border-bottom-width: 0px !important;padding-bottom: 25px !important;border-bottom-color: rgba(129,129,129,0.2) !important;border-bottom-style: solid !important;}&#8221; row_reverse_mobile=&#8221;0&#8243; row_reverse_tablet=&#8221;0&#8243;][vc_column_inner width=&#8221;1/2&#8243; css=&#8221;.vc_custom_1532346102929{padding-top: 0px !important;}&#8221;][vc_column_text css=&#8221;&#8221; woodmart_inline=&#8221;no&#8221; text_larger=&#8221;no&#8221;]</p>
<ul>
<li aria-level="1"><b>Marka Uteco</b></li>
<li aria-level="1"><b>Model: Yeşim 641</b></li>
<li aria-level="1"><b>Yıl: 1991</b></li>
<li aria-level="1"><b>C.I.</b></li>
<li aria-level="1"><b>6 renk</b></li>
<li aria-level="1"><b>Dişlilerle</b></li>
<li aria-level="1"><span style="font-weight: 400;">Maks. malzeme genişliği (modelden 50 mm daha fazla): 1350 mm </span></li>
<li aria-level="1"><span style="font-weight: 400;">Modele eşit maksimum baskı genişliği: 1300 mm  </span></li>
<li aria-level="1"><span style="font-weight: 400;">Min. &#8211; maks. baskı uzunluğu: 400 &#8211; 1200 mm</span></li>
<li aria-level="1"><span style="font-weight: 400;">Malzeme kalınlığı: 40 &#8211; 150 gsm</span></li>
<li style="font-weight: 400;" aria-level="1"><span style="font-weight: 400;">Otomatik çözücü ve geri sarıcı</span></li>
<li aria-level="1"><span style="font-weight: 400;">Sahibi çözücü ve sarıcı için otomatik makara değişimi kullanmıyor (işlevsel değil)</span></li>
<li style="font-weight: 400;" aria-level="1"><span style="font-weight: 400;">Açıcı ve geri sarıcı çapı: 1200 mm</span></li>
<li aria-level="1"><span style="font-weight: 400;">Plaka kalınlığı: 0.112</span></li>
<li aria-level="1"><span style="font-weight: 400;">Maksimum baskı hızı: 300 m/dak.</span></li>
<li style="font-weight: 400;" aria-level="1"><span style="font-weight: 400;">Makara göbeği çapı: 76 mm</span></li>
<li><span style="font-weight: 400;">Mekanik hız: 150 &#8211; 250 m/dak</span></li>
</ul>
<p>[/vc_column_text][/vc_column_inner][vc_column_inner width=&#8221;1/2&#8243; css=&#8221;.vc_custom_1532346106600{padding-top: 0px !important;}&#8221;][vc_column_text css=&#8221;&#8221; woodmart_inline=&#8221;no&#8221; text_larger=&#8221;no&#8221;]</p>
<ul>
<li><span style="font-weight: 400;">Kusurları, kaliteyi ve kaydı izlemek için kamera tabanlı BST Eltromat sistemi.</span></li>
<li style="font-weight: 400;" aria-level="1"><span style="font-weight: 400;">Su bazlı mürekkepler</span></li>
<li style="font-weight: 400;" aria-level="1"><span style="font-weight: 400;">Manuel veya yarı otomatik kayıt ve kurulum</span></li>
<li style="font-weight: 400;" aria-level="1"><span style="font-weight: 400;">Dış omuz uzunluğu standart modelden 550 mm daha büyüktür.</span></li>
<li style="font-weight: 400;" aria-level="1"><span style="font-weight: 400;">Gazlı kurutma sistemi</span></li>
<li style="font-weight: 400;" aria-level="1"><span style="font-weight: 400;">Baskı silindirleri (toplam 48 adet): </span><span style="font-weight: 400;">4 x 600, 6 x 840, 6 x 860, 6 x 890, 6 x 910, 6 x 950, 6 x 980, 4 x 1010, 4 x 1040 mm</span><span style="font-weight: 400;"> </span></li>
<li style="font-weight: 400;" aria-level="1"><b>EK ÜCRET KARŞILIĞINDA kurulum imkanı: Baskı makinesinin dışında manşon değişiminin yapılmasına olanak tanıyan çevrimdışı manşon değiştirme arabası  </b></li>
<li style="font-weight: 400;" aria-level="1"><span style="font-weight: 400;">Dişli modülü 10 mm, helisel 3.183 &#8211; basınç açısı: 20⁰</span></li>
<li style="font-weight: 400;" aria-level="1"><span style="font-weight: 400;">Elektrik gücü: Volt 200/400v (380v) &#8211; 60HZ &#8211; 3 faz.</span></li>
<li style="font-weight: 400;" aria-level="1"><span style="font-weight: 400;">Kurulu güç: volt 298,5kw-akım 5AMP.</span></li>
<li style="font-weight: 400;" aria-level="1"><span style="font-weight: 400;">Toplam boyutlar LxWxH (davlumbazlar açıkken): 15000 x 3610 x 5500 mm</span></li>
<li style="font-weight: 400;" aria-level="1"><span style="font-weight: 400;">Üretimde görünür</span></li>
<li style="font-weight: 400;" aria-level="1"><span style="font-weight: 400;">Kullanılabilirlik: Ekim 2026</span></li>
</ul>
<p>[/vc_column_text][/vc_column_inner][/vc_row_inner][/vc_column][vc_column offset=&#8221;vc_col-md-4&#8243;]			<div class="info-box-wrapper">
								<div id="wd-6a0f161c02aae" class=" wd-rs-6a0f161c02aae wd-info-box wd-wpb text-left box-icon-align-left box-style-shadow color-scheme- wd-bg-none wd-off-anim wpb_animate_when_almost_visible wpb_bounceIn bounceIn wd-anim-name_bounceIn wd-items-top ">
										<div class="info-box-content">
						<div class="info-box-subtitle subtitle-color-default wd-fontsize-xs subtitle-style-default">Uteco Jade 641 yıl 1991 hakkında</div><h4 class="info-box-title title box-title-style-default wd-fontsize-m">Konum Bilgileri</h4>						<div class="info-box-inner reset-last-child"><p>Bölgede kullanılabilir: <strong style="color: blue;"><a href="https://cbscompany.com/my-account/?redirect_to=%2Ftr%2Fwp-json%2Fwp%2Fv2%2Fproduct%2F403999" class="simplemodal-login">Log in to see location</a></strong></p>
</div>

											</div>

					
					<style>#wd-6a0f161c02aae .info-box-icon {background-color:  !important;}</style>				</div>
			</div>
		[/vc_column][/vc_row]</p>
</div>

<p>Uteco Jade 641 1991 yılı, kağıt için 6 renkli merkezi tamburlu bir flekso baskı makinesidir. <span style="font-weight: 400;"> 40-150 gsm</span> arası kağıtlar için uygundur. </p>
