{"id":411586,"date":"2026-09-04T15:31:04","date_gmt":"2026-09-04T14:31:04","guid":{"rendered":"https:\/\/cbscompany.com\/machines\/sem%20categoria\/bielloni-telia-8-cores-ano-de-2013\/"},"modified":"2026-09-04T15:32:33","modified_gmt":"2026-09-04T14:32:33","slug":"bielloni-telia-8-cores-ano-de-2013","status":"publish","type":"product","link":"https:\/\/cbscompany.com\/pt-pt\/machines\/impressoras-flexograficas\/impressoras-flexograficas-c-i-para-pelicula\/bielloni-telia-8-cores-ano-de-2013\/","title":{"rendered":"Bielloni Telia, 8 cores, ano de 2013"},"content":{"rendered":"<div class=\"wpb-content-wrapper\" id=\"wpb-content-root\"><p>[vc_row content_placement=&#8221;top&#8221;][vc_column css=&#8221;.vc_custom_1532433256788{margin-right: 15px !important;}&#8221; offset=&#8221;vc_col-md-8&#8243;]\n\t\t<div id=\"wd-6a9ad30884010\" class=\"title-wrapper wd-wpb wd-set-mb reset-last-child  wd-rs-6a9ad30884010 wd-title-color-default wd-title-style-default text-left vc_custom_1788531488129 wd-underline-colored\">\n\t\t\t\n\t\t\t<div class=\"liner-continer\">\n\t\t\t\t<h4 class=\"woodmart-title-container title  wd-font-weight-600 wd-fontsize-m\" >Bielloni Telia 8 cores, ano de 2013<br \/>\n<\/h4>\n\t\t\t\t\t\t\t<\/div>\n\t\t\t\n\t\t\t\n\t\t\t\n\t\t<\/div>\n\t\t\n\t\t[vc_row_inner css=&#8221;.vc_custom_1628672714565{margin-bottom: 35px !important;border-bottom-width: 0px !important;padding-bottom: 25px !important;border-bottom-color: rgba(129,129,129,0.2) !important;border-bottom-style: solid !important;}&#8221; row_reverse_mobile=&#8221;0&#8243; row_reverse_tablet=&#8221;0&#8243;][vc_column_inner width=&#8221;1\/2&#8243; css=&#8221;.vc_custom_1532346102929{padding-top: 0px !important;}&#8221;][vc_column_text woodmart_inline=&#8221;no&#8221; text_larger=&#8221;no&#8221;]<\/p>\n<ul>\n<li aria-level=\"1\"><b>Marca: Bielloni<\/b><\/li>\n<\/ul>\n<ul>\n<li aria-level=\"1\"><b>Modelo: Telia<\/b><\/li>\n<\/ul>\n<ul>\n<li aria-level=\"1\"><b>Ano: 2013<\/b><\/li>\n<\/ul>\n<ul>\n<li style=\"font-weight: 400;\" aria-level=\"1\"><span style=\"font-weight: 400;\">Sem engrenagens<\/span><\/li>\n<li style=\"font-weight: 400;\" aria-level=\"1\"><span style=\"font-weight: 400;\">Tambor central<\/span><\/li>\n<li style=\"font-weight: 400;\" aria-level=\"1\"><span style=\"font-weight: 400;\">8 cores<\/span><\/li>\n<li style=\"font-weight: 400;\" aria-level=\"1\"><span style=\"font-weight: 400;\">Di\u00e2metro m\u00e1ximo do carreto de desenrolamento: 1200 mm  <\/span><\/li>\n<li style=\"font-weight: 400;\" aria-level=\"1\"><span style=\"font-weight: 400;\">Di\u00e2metro m\u00e1ximo do carreto de rebobinagem: 800 mm  <\/span><\/li>\n<li style=\"font-weight: 400;\" aria-level=\"1\"><span style=\"font-weight: 400;\">Materiais impressos pelo propriet\u00e1rio: LDPE, HDPE, PP, PET, de 20 a 200 my  <\/span><\/li>\n<li style=\"font-weight: 400;\" aria-level=\"1\"><span style=\"font-weight: 400;\">Largura m\u00e1xima de impress\u00e3o: 1310 mm<\/span><\/li>\n<li style=\"font-weight: 400;\" aria-level=\"1\"><span style=\"font-weight: 400;\">Repeti\u00e7\u00e3o m\u00ednima &#8211; m\u00e1xima de impress\u00e3o: 340 ou 350 mm &#8211; 1060 mm <\/span><\/li>\n<li style=\"font-weight: 400;\" aria-level=\"1\"><span style=\"font-weight: 400;\">Velocidade: velocidade m\u00e1xima de 300 m\/min. Velocidade real de produ\u00e7\u00e3o: 150-200 m\/min. para PE e 200-250 m\/min. para PET ou PP   <\/span><\/li>\n<li style=\"font-weight: 400;\" aria-level=\"1\"><span style=\"font-weight: 400;\">1 s\u00e9rie de suportes para todas as repeti\u00e7\u00f5es de impress\u00e3o a partir de 800 mm  <\/span><\/li>\n<li style=\"font-weight: 400;\" aria-level=\"1\"><span style=\"font-weight: 400;\">12-13 anilox inclu\u00eddo  <\/span><\/li>\n<\/ul>\n<p>[\/vc_column_text][\/vc_column_inner][vc_column_inner width=&#8221;1\/2&#8243; css=&#8221;.vc_custom_1532346106600{padding-top: 0px !important;}&#8221;][vc_column_text woodmart_inline=&#8221;no&#8221; text_larger=&#8221;no&#8221;]<\/p>\n<ul>\n<li style=\"font-weight: 400;\" aria-level=\"1\"><span style=\"font-weight: 400;\">Corre\u00e7\u00e3o autom\u00e1tica da repeti\u00e7\u00e3o de impress\u00e3o<\/span><\/li>\n<li style=\"font-weight: 400;\" aria-level=\"1\"><span style=\"font-weight: 400;\">Sistema de secagem: baterias el\u00e9tricas  <\/span><\/li>\n<li style=\"font-weight: 400;\" aria-level=\"1\"><span style=\"font-weight: 400;\">C\u00e2mara BST<\/span><\/li>\n<li style=\"font-weight: 400;\" aria-level=\"1\"><span style=\"font-weight: 400;\">Com um sistema de refrigera\u00e7\u00e3o independente para o painel de controlo  <\/span><\/li>\n<li style=\"font-weight: 400;\" aria-level=\"1\"><span style=\"font-weight: 400;\">Sistema de troca r\u00e1pida de mangas<\/span><\/li>\n<li style=\"font-weight: 400;\" aria-level=\"1\"><span style=\"font-weight: 400;\">A m\u00e1quina funciona desde 2013 at\u00e9 hoje, 8 horas por dia, 5 dias por semana (\u00e0s vezes em 2 turnos)  <\/span><\/li>\n<li style=\"font-weight: 400;\" aria-level=\"1\"><span style=\"font-weight: 400;\">Componentes eletr\u00f3nicos: Siemens, Parker, Bosch.  <\/span><\/li>\n<li style=\"font-weight: 400;\" aria-level=\"1\"><span style=\"font-weight: 400;\">Mangas (111 no total): 8 x 340; 8 x 360; 8 x 390; 8 x 400; 8 x 420; 8 x 440; 8 x 460; 8 x 480; 7 x 600; 8 x 800 (no suporte); 6 x 850 (no suporte); 6 x 900 (no porta-m\u00edsseis); 6 x 1005 (no porta-m\u00edsseis); 8 x 1060 (no porta-m\u00edsseis); 6 x 1090 (no porta-m\u00edsseis)<\/span><\/li>\n<li style=\"font-weight: 400;\" aria-level=\"1\"><span style=\"font-weight: 400;\">Dimens\u00f5es totais C x L x A: 12 220 x 7 517 x 4 886 mm<\/span><\/li>\n<li style=\"font-weight: 400;\" aria-level=\"1\"><span style=\"font-weight: 400;\">Vis\u00edvel na produ\u00e7\u00e3o<\/span><\/li>\n<li style=\"font-weight: 400;\" aria-level=\"1\"><span style=\"font-weight: 400;\">Disponibilidade: final de 2026<\/span><\/li>\n<li style=\"font-weight: 400;\" aria-level=\"1\"><span style=\"font-weight: 400;\">Est\u00e3o dispon\u00edveis manuais e esquemas el\u00e9tricos.  <\/span><\/li>\n<\/ul>\n<p>[\/vc_column_text][\/vc_column_inner][\/vc_row_inner][\/vc_column][vc_column offset=&#8221;vc_col-md-4&#8243;]\t\t\t<div class=\"info-box-wrapper\">\n\t\t\t\t\t\t\t\t<div id=\"wd-6a9ad32c291fe\" class=\" wd-rs-6a9ad32c291fe wd-info-box wd-wpb text-left box-icon-align-left box-style-shadow color-scheme- wd-bg-none wd-off-anim wpb_animate_when_almost_visible wpb_bounceIn bounceIn wd-anim-name_bounceIn wd-items-top \">\n\t\t\t\t\t\t\t\t\t\t<div class=\"info-box-content\">\n\t\t\t\t\t\t<div class=\"info-box-subtitle subtitle-color-default wd-fontsize-xs subtitle-style-default\">Sobre a Bielloni Telia 8 cores, ano de 2013<br \/>\n<\/div><h4 class=\"info-box-title title box-title-style-default wd-fontsize-m\">Informa\u00e7\u00f5es sobre a localiza\u00e7\u00e3o<\/h4>\t\t\t\t\t\t<div class=\"info-box-inner reset-last-child\"><p>Dispon\u00edvel na regi\u00e3o: <strong style=\"color: blue;\"><a href=\"https:\/\/cbscompany.com\/my-account\/?redirect_to=%2Fpt-pt%2Fwp-json%2Fwp%2Fv2%2Fproduct%2F411586\" class=\"simplemodal-login\">Log in to see location<\/a><\/strong><\/p>\n<\/div>\n\n\t\t\t\t\t\t\t\t\t\t\t<\/div>\n\n\t\t\t\t\t\n\t\t\t\t\t<style>#wd-6a9ad32c291fe .info-box-icon {background-color:  !important;}<\/style>\t\t\t\t<\/div>\n\t\t\t<\/div>\n\t\t[\/vc_column][\/vc_row]<\/p>\n<\/div>","protected":false},"excerpt":{"rendered":"<p>A Bielloni Telia \u00e9 uma impressora flexogr\u00e1fica com tambor central, concebida tanto para papel como para pel\u00edcula. A m\u00e1quina \u00e9 uma impressora flexogr\u00e1fica de 8 cores. <\/p>\n","protected":false},"featured_media":411605,"comment_status":"closed","ping_status":"closed","template":"","meta":{"_acf_changed":false,"om_disable_all_campaigns":false},"year-of-production":[],"product_brand":[],"product_cat":[3754,3762,3753],"product_tag":[3756,7730,8524,7744,3758],"class_list":["post-411586","product","type-product","status-publish","has-post-thumbnail","product_cat-impressoras-flexograficas","product_cat-impressoras-flexograficas-c-i-para-papel","product_cat-impressoras-flexograficas-c-i-para-pelicula","product_tag-8-cores","product_tag-ano-2013","product_tag-bielloni-telia","product_tag-ci","product_tag-sem-engrenagens","first","instock","sold-individually","shipping-taxable","purchasable","product-type-simple"],"acf":[],"_links":{"self":[{"href":"https:\/\/cbscompany.com\/pt-pt\/wp-json\/wp\/v2\/product\/411586","targetHints":{"allow":["GET"]}}],"collection":[{"href":"https:\/\/cbscompany.com\/pt-pt\/wp-json\/wp\/v2\/product"}],"about":[{"href":"https:\/\/cbscompany.com\/pt-pt\/wp-json\/wp\/v2\/types\/product"}],"replies":[{"embeddable":true,"href":"https:\/\/cbscompany.com\/pt-pt\/wp-json\/wp\/v2\/comments?post=411586"}],"wp:featuredmedia":[{"embeddable":true,"href":"https:\/\/cbscompany.com\/pt-pt\/wp-json\/wp\/v2\/media\/411605"}],"wp:attachment":[{"href":"https:\/\/cbscompany.com\/pt-pt\/wp-json\/wp\/v2\/media?parent=411586"}],"wp:term":[{"taxonomy":"year-of-production","embeddable":true,"href":"https:\/\/cbscompany.com\/pt-pt\/wp-json\/wp\/v2\/year-of-production?post=411586"},{"taxonomy":"product_brand","embeddable":true,"href":"https:\/\/cbscompany.com\/pt-pt\/wp-json\/wp\/v2\/product_brand?post=411586"},{"taxonomy":"product_cat","embeddable":true,"href":"https:\/\/cbscompany.com\/pt-pt\/wp-json\/wp\/v2\/product_cat?post=411586"},{"taxonomy":"product_tag","embeddable":true,"href":"https:\/\/cbscompany.com\/pt-pt\/wp-json\/wp\/v2\/product_tag?post=411586"}],"curies":[{"name":"wp","href":"https:\/\/api.w.org\/{rel}","templated":true}]}}

<div class="wpb-content-wrapper" id="wpb-content-root"><p>[vc_row content_placement=&#8221;top&#8221;][vc_column css=&#8221;.vc_custom_1532433256788{margin-right: 15px !important;}&#8221; offset=&#8221;vc_col-md-8&#8243;]
		<div id="wd-6a9ad30884010" class="title-wrapper wd-wpb wd-set-mb reset-last-child  wd-rs-6a9ad30884010 wd-title-color-default wd-title-style-default text-left vc_custom_1788531488129 wd-underline-colored">
			
			<div class="liner-continer">
				<h4 class="woodmart-title-container title  wd-font-weight-600 wd-fontsize-m" >Bielloni Telia 8 cores, ano de 2013<br />
</h4>
							</div>
			
			
			
		</div>
		
		[vc_row_inner css=&#8221;.vc_custom_1628672714565{margin-bottom: 35px !important;border-bottom-width: 0px !important;padding-bottom: 25px !important;border-bottom-color: rgba(129,129,129,0.2) !important;border-bottom-style: solid !important;}&#8221; row_reverse_mobile=&#8221;0&#8243; row_reverse_tablet=&#8221;0&#8243;][vc_column_inner width=&#8221;1/2&#8243; css=&#8221;.vc_custom_1532346102929{padding-top: 0px !important;}&#8221;][vc_column_text woodmart_inline=&#8221;no&#8221; text_larger=&#8221;no&#8221;]</p>
<ul>
<li aria-level="1"><b>Marca: Bielloni</b></li>
</ul>
<ul>
<li aria-level="1"><b>Modelo: Telia</b></li>
</ul>
<ul>
<li aria-level="1"><b>Ano: 2013</b></li>
</ul>
<ul>
<li style="font-weight: 400;" aria-level="1"><span style="font-weight: 400;">Sem engrenagens</span></li>
<li style="font-weight: 400;" aria-level="1"><span style="font-weight: 400;">Tambor central</span></li>
<li style="font-weight: 400;" aria-level="1"><span style="font-weight: 400;">8 cores</span></li>
<li style="font-weight: 400;" aria-level="1"><span style="font-weight: 400;">Diâmetro máximo do carreto de desenrolamento: 1200 mm  </span></li>
<li style="font-weight: 400;" aria-level="1"><span style="font-weight: 400;">Diâmetro máximo do carreto de rebobinagem: 800 mm  </span></li>
<li style="font-weight: 400;" aria-level="1"><span style="font-weight: 400;">Materiais impressos pelo proprietário: LDPE, HDPE, PP, PET, de 20 a 200 my  </span></li>
<li style="font-weight: 400;" aria-level="1"><span style="font-weight: 400;">Largura máxima de impressão: 1310 mm</span></li>
<li style="font-weight: 400;" aria-level="1"><span style="font-weight: 400;">Repetição mínima &#8211; máxima de impressão: 340 ou 350 mm &#8211; 1060 mm </span></li>
<li style="font-weight: 400;" aria-level="1"><span style="font-weight: 400;">Velocidade: velocidade máxima de 300 m/min. Velocidade real de produção: 150-200 m/min. para PE e 200-250 m/min. para PET ou PP   </span></li>
<li style="font-weight: 400;" aria-level="1"><span style="font-weight: 400;">1 série de suportes para todas as repetições de impressão a partir de 800 mm  </span></li>
<li style="font-weight: 400;" aria-level="1"><span style="font-weight: 400;">12-13 anilox incluído  </span></li>
</ul>
<p>[/vc_column_text][/vc_column_inner][vc_column_inner width=&#8221;1/2&#8243; css=&#8221;.vc_custom_1532346106600{padding-top: 0px !important;}&#8221;][vc_column_text woodmart_inline=&#8221;no&#8221; text_larger=&#8221;no&#8221;]</p>
<ul>
<li style="font-weight: 400;" aria-level="1"><span style="font-weight: 400;">Correção automática da repetição de impressão</span></li>
<li style="font-weight: 400;" aria-level="1"><span style="font-weight: 400;">Sistema de secagem: baterias elétricas  </span></li>
<li style="font-weight: 400;" aria-level="1"><span style="font-weight: 400;">Câmara BST</span></li>
<li style="font-weight: 400;" aria-level="1"><span style="font-weight: 400;">Com um sistema de refrigeração independente para o painel de controlo  </span></li>
<li style="font-weight: 400;" aria-level="1"><span style="font-weight: 400;">Sistema de troca rápida de mangas</span></li>
<li style="font-weight: 400;" aria-level="1"><span style="font-weight: 400;">A máquina funciona desde 2013 até hoje, 8 horas por dia, 5 dias por semana (às vezes em 2 turnos)  </span></li>
<li style="font-weight: 400;" aria-level="1"><span style="font-weight: 400;">Componentes eletrónicos: Siemens, Parker, Bosch.  </span></li>
<li style="font-weight: 400;" aria-level="1"><span style="font-weight: 400;">Mangas (111 no total): 8 x 340; 8 x 360; 8 x 390; 8 x 400; 8 x 420; 8 x 440; 8 x 460; 8 x 480; 7 x 600; 8 x 800 (no suporte); 6 x 850 (no suporte); 6 x 900 (no porta-mísseis); 6 x 1005 (no porta-mísseis); 8 x 1060 (no porta-mísseis); 6 x 1090 (no porta-mísseis)</span></li>
<li style="font-weight: 400;" aria-level="1"><span style="font-weight: 400;">Dimensões totais C x L x A: 12 220 x 7 517 x 4 886 mm</span></li>
<li style="font-weight: 400;" aria-level="1"><span style="font-weight: 400;">Visível na produção</span></li>
<li style="font-weight: 400;" aria-level="1"><span style="font-weight: 400;">Disponibilidade: final de 2026</span></li>
<li style="font-weight: 400;" aria-level="1"><span style="font-weight: 400;">Estão disponíveis manuais e esquemas elétricos.  </span></li>
</ul>
<p>[/vc_column_text][/vc_column_inner][/vc_row_inner][/vc_column][vc_column offset=&#8221;vc_col-md-4&#8243;]			<div class="info-box-wrapper">
								<div id="wd-6a9ad32c291fe" class=" wd-rs-6a9ad32c291fe wd-info-box wd-wpb text-left box-icon-align-left box-style-shadow color-scheme- wd-bg-none wd-off-anim wpb_animate_when_almost_visible wpb_bounceIn bounceIn wd-anim-name_bounceIn wd-items-top ">
										<div class="info-box-content">
						<div class="info-box-subtitle subtitle-color-default wd-fontsize-xs subtitle-style-default">Sobre a Bielloni Telia 8 cores, ano de 2013<br />
</div><h4 class="info-box-title title box-title-style-default wd-fontsize-m">Informações sobre a localização</h4>						<div class="info-box-inner reset-last-child"><p>Disponível na região: <strong style="color: blue;"><a href="https://cbscompany.com/my-account/?redirect_to=%2Fpt-pt%2Fwp-json%2Fwp%2Fv2%2Fproduct%2F411586" class="simplemodal-login">Log in to see location</a></strong></p>
</div>

											</div>

					
					<style>#wd-6a9ad32c291fe .info-box-icon {background-color:  !important;}</style>				</div>
			</div>
		[/vc_column][/vc_row]</p>
</div>

<p>A Bielloni Telia é uma impressora flexográfica com tambor central, concebida tanto para papel como para película. A máquina é uma impressora flexográfica de 8 cores. </p>
