{"id":411497,"date":"2026-09-03T08:19:22","date_gmt":"2026-09-03T07:19:22","guid":{"rendered":"https:\/\/cbscompany.com\/machines\/sem%20categoria\/modelo-de-tuberculo-gartemann-hollmann-n-o-517-do-ano-de-1982\/"},"modified":"2026-09-03T09:56:15","modified_gmt":"2026-09-03T08:56:15","slug":"modelo-de-tuberculo-gartemann-hollmann-n-o-517-do-ano-de-1982","status":"publish","type":"product","link":"https:\/\/cbscompany.com\/pt-pt\/machines\/linhas-de-sacos-industriais\/tuberculos\/modelo-de-tuberculo-gartemann-hollmann-n-o-517-do-ano-de-1982\/","title":{"rendered":"Modelo de tub\u00e9rculo Gartemann &#038; Hollmann n.\u00ba 517, do ano de 1982"},"content":{"rendered":"<div class=\"wpb-content-wrapper\" id=\"wpb-content-root\"><p>[vc_row content_placement=&#8221;top&#8221;][vc_column css=&#8221;.vc_custom_1532433256788{margin-right: 15px !important;}&#8221; offset=&#8221;vc_col-md-8&#8243;]\n\t\t<div id=\"wd-6a991cbfd1ef8\" class=\"title-wrapper wd-wpb wd-set-mb reset-last-child  wd-rs-6a991cbfd1ef8 wd-title-color-default wd-title-style-default text-left vc_custom_1788419277475 wd-underline-colored\">\n\t\t\t\n\t\t\t<div class=\"liner-continer\">\n\t\t\t\t<h4 class=\"woodmart-title-container title  wd-font-weight-600 wd-fontsize-m\" >Modelo de tub\u00e9rculo Gartemann & Hollmann n.\u00ba 517, do ano de 1982<\/h4>\n\t\t\t\t\t\t\t<\/div>\n\t\t\t\n\t\t\t\n\t\t\t\n\t\t<\/div>\n\t\t\n\t\t[vc_row_inner css=&#8221;.vc_custom_1628672714565{margin-bottom: 35px !important;border-bottom-width: 0px !important;padding-bottom: 25px !important;border-bottom-color: rgba(129,129,129,0.2) !important;border-bottom-style: solid !important;}&#8221; row_reverse_mobile=&#8221;0&#8243; row_reverse_tablet=&#8221;0&#8243;][vc_column_inner width=&#8221;1\/2&#8243; css=&#8221;.vc_custom_1532346102929{padding-top: 0px !important;}&#8221;][vc_column_text woodmart_inline=&#8221;no&#8221; text_larger=&#8221;no&#8221;]<\/p>\n<ul>\n<li><b>Marca: <\/b><b>Gartemann &#038; Hollmann<\/b><\/li>\n<li><b>Modelo: 517<\/b><\/li>\n<li><b>Ano: 1982<\/b><\/li>\n<li><b>Corte \u00e0 face<\/b><\/li>\n<li><span style=\"font-weight: 400;\">3 fios (3 desenroladores para bobinas de papel)<\/span><\/li>\n<li><span style=\"font-weight: 400;\">Com unidade de perfura\u00e7\u00e3o pontual<\/span><\/li>\n<li><span style=\"font-weight: 400;\">Largura m\u00ednima &#8211; m\u00e1xima: 280 &#8211; 550 mm<\/span><\/li>\n<li><span style=\"font-weight: 400;\">Unidade de colagem cruzada (at\u00e9 3 camadas):<\/span><\/li>\n<li><span style=\"font-weight: 400;\">2 barras transversais, 2 rolos de aplica\u00e7\u00e3o de cola, 2 rolos raspa-cola<\/span><\/li>\n<\/ul>\n<p>[\/vc_column_text][\/vc_column_inner][vc_column_inner width=&#8221;1\/2&#8243; css=&#8221;.vc_custom_1532346106600{padding-top: 0px !important;}&#8221;][vc_column_text woodmart_inline=&#8221;no&#8221; text_larger=&#8221;no&#8221;]<\/p>\n<ul>\n<li style=\"font-weight: 400;\" aria-level=\"1\"><span style=\"font-weight: 400;\">Colagem longitudinal: 2 rolos para 3 camadas e 1 cola com inje\u00e7\u00e3o para PE<\/span><\/li>\n<li style=\"font-weight: 400;\" aria-level=\"1\"><span style=\"font-weight: 400;\">Tubos de transmiss\u00e3o<\/span><\/li>\n<li style=\"font-weight: 400;\" aria-level=\"1\"><span style=\"font-weight: 400;\">Alimenta\u00e7\u00e3o de cola: circula\u00e7\u00e3o por bomba de ar tanto para a cola longitudinal como para a horizontal<\/span><\/li>\n<li style=\"font-weight: 400;\" aria-level=\"1\"><span style=\"font-weight: 400;\">Velocidade normal: 85 unidades por minuto<\/span><\/li>\n<li style=\"font-weight: 400;\" aria-level=\"1\"><span style=\"font-weight: 400;\">Com fotoc\u00e9lula para sacos pr\u00e9-impressos<\/span><\/li>\n<li style=\"font-weight: 400;\" aria-level=\"1\"><span style=\"font-weight: 400;\">Sistema eletr\u00f3nico da Nica Automazioni totalmente novo (toda a placa dos motores foi substitu\u00edda)  <\/span><\/li>\n<li style=\"font-weight: 400;\" aria-level=\"1\"><span style=\"font-weight: 400;\">Vis\u00edvel em funcionamento<\/span><\/li>\n<li style=\"font-weight: 400;\" aria-level=\"1\"><span style=\"font-weight: 400;\">Disponibilidade: a confirmar<\/span><\/li>\n<\/ul>\n<p>[\/vc_column_text][\/vc_column_inner][\/vc_row_inner][\/vc_column][vc_column offset=&#8221;vc_col-md-4&#8243;]\t\t\t<div class=\"info-box-wrapper\">\n\t\t\t\t\t\t\t\t<div id=\"wd-6a991cd111125\" class=\" wd-rs-6a991cd111125 wd-info-box wd-wpb text-left box-icon-align-left box-style-shadow color-scheme- wd-bg-none wd-off-anim wpb_animate_when_almost_visible wpb_bounceIn bounceIn wd-anim-name_bounceIn wd-items-top \">\n\t\t\t\t\t\t\t\t\t\t<div class=\"info-box-content\">\n\t\t\t\t\t\t<div class=\"info-box-subtitle subtitle-color-default wd-fontsize-xs subtitle-style-default\">Sobre o modelo de tub\u00e9rculo 517 da Gartemann &amp; Hollmann, do ano de 1982<\/div><h4 class=\"info-box-title title box-title-style-default wd-fontsize-m\">Informa\u00e7\u00f5es sobre a localiza\u00e7\u00e3o<\/h4>\t\t\t\t\t\t<div class=\"info-box-inner reset-last-child\"><p>Dispon\u00edvel na regi\u00e3o: <strong style=\"color: blue;\"><a href=\"https:\/\/cbscompany.com\/my-account\/?redirect_to=%2Fpt-pt%2Fwp-json%2Fwp%2Fv2%2Fproduct%2F411497\" class=\"simplemodal-login\">Log in to see location<\/a><\/strong><\/p>\n<\/div>\n\n\t\t\t\t\t\t\t\t\t\t\t<\/div>\n\n\t\t\t\t\t\n\t\t\t\t\t<style>#wd-6a991cd111125 .info-box-icon {background-color:  !important;}<\/style>\t\t\t\t<\/div>\n\t\t\t<\/div>\n\t\t[\/vc_column][\/vc_row]<\/p>\n<\/div>","protected":false},"excerpt":{"rendered":"<p>O modelo 517 da Gartemann &#038; Hollmann foi concebido para o corte rente de tubos com 3 camadas. A largura m\u00ednima do tubo \u00e9 de 280 mm e a m\u00e1xima \u00e9 de 550 mm. A m\u00e1quina est\u00e1 \u00e0 vista em funcionamento e dispon\u00edvel de imediato.  <\/p>\n","protected":false},"featured_media":411498,"comment_status":"closed","ping_status":"closed","template":"","meta":{"_acf_changed":false,"om_disable_all_campaigns":false},"year-of-production":[],"product_brand":[],"product_cat":[7178,7543],"product_tag":[7960,8517,7956,8516,8092],"class_list":["post-411497","product","type-product","status-publish","has-post-thumbnail","product_cat-linhas-de-sacos-industriais","product_cat-tuberculos","product_tag-3-camadas-2","product_tag-ano-de-1982","product_tag-corte-a-face","product_tag-gh","product_tag-gartemann-hollmann","first","instock","sold-individually","shipping-taxable","purchasable","product-type-simple"],"acf":[],"_links":{"self":[{"href":"https:\/\/cbscompany.com\/pt-pt\/wp-json\/wp\/v2\/product\/411497","targetHints":{"allow":["GET"]}}],"collection":[{"href":"https:\/\/cbscompany.com\/pt-pt\/wp-json\/wp\/v2\/product"}],"about":[{"href":"https:\/\/cbscompany.com\/pt-pt\/wp-json\/wp\/v2\/types\/product"}],"replies":[{"embeddable":true,"href":"https:\/\/cbscompany.com\/pt-pt\/wp-json\/wp\/v2\/comments?post=411497"}],"wp:featuredmedia":[{"embeddable":true,"href":"https:\/\/cbscompany.com\/pt-pt\/wp-json\/wp\/v2\/media\/411498"}],"wp:attachment":[{"href":"https:\/\/cbscompany.com\/pt-pt\/wp-json\/wp\/v2\/media?parent=411497"}],"wp:term":[{"taxonomy":"year-of-production","embeddable":true,"href":"https:\/\/cbscompany.com\/pt-pt\/wp-json\/wp\/v2\/year-of-production?post=411497"},{"taxonomy":"product_brand","embeddable":true,"href":"https:\/\/cbscompany.com\/pt-pt\/wp-json\/wp\/v2\/product_brand?post=411497"},{"taxonomy":"product_cat","embeddable":true,"href":"https:\/\/cbscompany.com\/pt-pt\/wp-json\/wp\/v2\/product_cat?post=411497"},{"taxonomy":"product_tag","embeddable":true,"href":"https:\/\/cbscompany.com\/pt-pt\/wp-json\/wp\/v2\/product_tag?post=411497"}],"curies":[{"name":"wp","href":"https:\/\/api.w.org\/{rel}","templated":true}]}}

Modelo de tubérculo Gartemann &#038; Hollmann n.º 517, do ano de 1982

<div class="wpb-content-wrapper" id="wpb-content-root"><p>[vc_row content_placement=&#8221;top&#8221;][vc_column css=&#8221;.vc_custom_1532433256788{margin-right: 15px !important;}&#8221; offset=&#8221;vc_col-md-8&#8243;]
		<div id="wd-6a991cbfd1ef8" class="title-wrapper wd-wpb wd-set-mb reset-last-child  wd-rs-6a991cbfd1ef8 wd-title-color-default wd-title-style-default text-left vc_custom_1788419277475 wd-underline-colored">
			
			<div class="liner-continer">
				<h4 class="woodmart-title-container title  wd-font-weight-600 wd-fontsize-m" >Modelo de tubérculo Gartemann & Hollmann n.º 517, do ano de 1982</h4>
							</div>
			
			
			
		</div>
		
		[vc_row_inner css=&#8221;.vc_custom_1628672714565{margin-bottom: 35px !important;border-bottom-width: 0px !important;padding-bottom: 25px !important;border-bottom-color: rgba(129,129,129,0.2) !important;border-bottom-style: solid !important;}&#8221; row_reverse_mobile=&#8221;0&#8243; row_reverse_tablet=&#8221;0&#8243;][vc_column_inner width=&#8221;1/2&#8243; css=&#8221;.vc_custom_1532346102929{padding-top: 0px !important;}&#8221;][vc_column_text woodmart_inline=&#8221;no&#8221; text_larger=&#8221;no&#8221;]</p>
<ul>
<li><b>Marca: </b><b>Gartemann &#038; Hollmann</b></li>
<li><b>Modelo: 517</b></li>
<li><b>Ano: 1982</b></li>
<li><b>Corte à face</b></li>
<li><span style="font-weight: 400;">3 fios (3 desenroladores para bobinas de papel)</span></li>
<li><span style="font-weight: 400;">Com unidade de perfuração pontual</span></li>
<li><span style="font-weight: 400;">Largura mínima &#8211; máxima: 280 &#8211; 550 mm</span></li>
<li><span style="font-weight: 400;">Unidade de colagem cruzada (até 3 camadas):</span></li>
<li><span style="font-weight: 400;">2 barras transversais, 2 rolos de aplicação de cola, 2 rolos raspa-cola</span></li>
</ul>
<p>[/vc_column_text][/vc_column_inner][vc_column_inner width=&#8221;1/2&#8243; css=&#8221;.vc_custom_1532346106600{padding-top: 0px !important;}&#8221;][vc_column_text woodmart_inline=&#8221;no&#8221; text_larger=&#8221;no&#8221;]</p>
<ul>
<li style="font-weight: 400;" aria-level="1"><span style="font-weight: 400;">Colagem longitudinal: 2 rolos para 3 camadas e 1 cola com injeção para PE</span></li>
<li style="font-weight: 400;" aria-level="1"><span style="font-weight: 400;">Tubos de transmissão</span></li>
<li style="font-weight: 400;" aria-level="1"><span style="font-weight: 400;">Alimentação de cola: circulação por bomba de ar tanto para a cola longitudinal como para a horizontal</span></li>
<li style="font-weight: 400;" aria-level="1"><span style="font-weight: 400;">Velocidade normal: 85 unidades por minuto</span></li>
<li style="font-weight: 400;" aria-level="1"><span style="font-weight: 400;">Com fotocélula para sacos pré-impressos</span></li>
<li style="font-weight: 400;" aria-level="1"><span style="font-weight: 400;">Sistema eletrónico da Nica Automazioni totalmente novo (toda a placa dos motores foi substituída)  </span></li>
<li style="font-weight: 400;" aria-level="1"><span style="font-weight: 400;">Visível em funcionamento</span></li>
<li style="font-weight: 400;" aria-level="1"><span style="font-weight: 400;">Disponibilidade: a confirmar</span></li>
</ul>
<p>[/vc_column_text][/vc_column_inner][/vc_row_inner][/vc_column][vc_column offset=&#8221;vc_col-md-4&#8243;]			<div class="info-box-wrapper">
								<div id="wd-6a991cd111125" class=" wd-rs-6a991cd111125 wd-info-box wd-wpb text-left box-icon-align-left box-style-shadow color-scheme- wd-bg-none wd-off-anim wpb_animate_when_almost_visible wpb_bounceIn bounceIn wd-anim-name_bounceIn wd-items-top ">
										<div class="info-box-content">
						<div class="info-box-subtitle subtitle-color-default wd-fontsize-xs subtitle-style-default">Sobre o modelo de tubérculo 517 da Gartemann &amp; Hollmann, do ano de 1982</div><h4 class="info-box-title title box-title-style-default wd-fontsize-m">Informações sobre a localização</h4>						<div class="info-box-inner reset-last-child"><p>Disponível na região: <strong style="color: blue;"><a href="https://cbscompany.com/my-account/?redirect_to=%2Fpt-pt%2Fwp-json%2Fwp%2Fv2%2Fproduct%2F411497" class="simplemodal-login">Log in to see location</a></strong></p>
</div>

											</div>

					
					<style>#wd-6a991cd111125 .info-box-icon {background-color:  !important;}</style>				</div>
			</div>
		[/vc_column][/vc_row]</p>
</div>

<p>O modelo 517 da Gartemann &#038; Hollmann foi concebido para o corte rente de tubos com 3 camadas. A largura mínima do tubo é de 280 mm e a máxima é de 550 mm. A máquina está à vista em funcionamento e disponível de imediato.  </p>
